 5*q(a). Let s = -41 + 41. Calculate k(s).
2
Let g(z) be the second derivative of 28*z**3/3 + 333*z**2/2 + 7324*z. Determine g(-6).
-3
Let s(i) = 3*i**2 + 5*i + 18 - 4*i**2 - 8 - 4. Suppose 0 = k - b - 3, 31*k - 5*b + 25 = 34*k. Determine s(k).
6
Let z = -6086 - -6083. Let t(y) = 2*y**3 + 2*y**2 + y - 1. Determine t(z).
-40
Let t(l) = l**2 - 15*l + 10. Let q be -4 + -2 + (-414)/23. Let z(u) = 16*u + 398. Let b be z(q). What is t(b)?
-4
Suppose -p + 212 + 105 = 0. Let g = 318 - p. Let n(w) = -17*w**3 + 5*w - 1. Let c(b) = b**3 + b. Let x(u) = 3*c(u) - n(u). What is x(g)?
19
Let z be 2 + (-14)/6 - 2/3. Let m be ((-6152)/20 - -3)/(z/5). Let c(u) = -1532 + 5*u + u**3 + m + 8*u**2 + u. Determine c(-7).
-2
Suppose 7 = 3*m + 2*f, 5 = -m + 2*f + 2. Let p = m - -3. Let o be p*(-2)/(-8)*8/(-4). Let n(s) = -2*s**3 - 3*s**2 + 2. Determine n(o).
6
Let v(z) be the second derivative of -z**4/12 + 5*z**3/6 - 2*z**2 + z. Let m be 11 - (-10 - 30/(-6)). Suppose 38*f = m*f + 88. Give v(f).
0
Let f(w) = 6*w**2 - 24*w - 89. Let b(h) = -h**2 + 2*h. Let t(u) = 5*b(u) + f(u). Calculate t(-5).
6
Let r(i) = i + 25. Let h be r(8). Let x(k) = 0*k - k + 28 - 57 + h. Calculate x(5).
-1
Let g(u) = 27*u - 2. Suppose 15 = 2*v - 7*v, 2*v = s - 13. Let x(w) = -2 - 14*w - 6 - 13 + 22. Let l(z) = s*x(z) + 4*g(z). What is l(-1)?
-11
Suppose o = -u - 6, 5*u + 65*o - 70*o = 0. Let q(l) = 2*l**3 + l**2 - 2*l + 3. Calculate q(u).
-36
Let q = 89 - 82. Let y be (-17)/((-476)/(-48)) + (-2)/q. Let u(i) = 32*i - 10. Let t(c) = 13*c - 4. Let h(o) = -12*t(o) + 5*u(o). Determine h(y).
-10
Let o(s) = 8*s - 1049 + 571 + 538. Determine o(-7).
4
Suppose 0 = -16*p - 77 + 109. Let t(d) = 4*d**3 - 2*d**2 + 6*d - 3. Calculate t(p).
33
Let t(h) = -h**2 + 28*h - 51. Let y be (-6 + 8)/(-10 - 1703/(-169)). What is t(y)?
1
Let m(l) be the third derivative of -5*l**4/24 + l**3/6 - 32826*l**2. Let k be 2/(-4) + 6/4. What is m(k)?
-4
Let x be (54/(-4))/3*(-26)/39. Suppose -4*g = -5*m + 4 - 51, -x = -g. Let h(l) be the first derivative of l**2/2 + 13*l + 5. Give h(m).
6
Let p be ((-8)/24 - 7/(-21))/(-2). Let k(g) be the third derivative of -1/3*g**4 + p*g + 0 + 0*g**3 + 17*g**2. Give k(-2).
16
Let b = 2734 - 2741. Let n(f) = 2*f**2 - 3*f**2 - 15 + 29 - 4*f - 2. Calculate n(b).
-9
Suppose -27*n + 445 = 269 - 418. Let z(a) = a**3 - 21*a**2 - 25*a - 25. Calculate z(n).
-91
Let t(c) = c**3 + 20*c**2 + 15*c - 79. Suppose 107*r = 77*r - 261 - 309. What is t(r)?
-3
Let z(g) = -10*g**2 - g - 5. Let w(x) = -3*x**2 - x - 1. Let t(i) = 3*w(i) - z(i). Calculate t(5).
17
Let g(f) be the second derivative of f**5/20 - 11*f**4/12 + 3*f**3/2 + 7*f**2/2 + 2*f. Let j = -36315 - -36325. What is g(j)?
-3
Let m be -10*(-3 - (-72)/20 - 1). Suppose 3*d = -5*b - 2*d, -d = -5*b + 12. Let f(k) = -k**b - 4*k + 4*k + 3. Calculate f(m).
-13
Let k(c) = -100*c + 46 - 63*c + 35 - 10 - 5*c**2 + 0. Calculate k(-33).
5
Let r = -15 + 19. Let h(f) = -5 - 18*f**2 + r + 1446*f - 1444*f + 2. Give h(-1).
-19
Let p(q) = -3. Let i(h) = 5*h + 5. Let b(r) = r + 1. Let g(l) = 6*b(l) - i(l). Suppose 4*d = 4, -6 = -3*n + 5*d - 14. Let v(y) = n*p(y) - g(y). Give v(3).
-1
Let j(z) be the second derivative of z**6/120 + z**5/15 - 5*z**4/24 + 4*z**2 - 39*z. Let v(w) be the first derivative of j(w). Determine v(-4).
20
Let s(t) = 12*t - 148*t**2 + 77*t**2 + 2 - t**3 + 79*t**2 + 7*t - 8*t. Give s(9).
20
Let x(v) be the third derivative of v**5/60 - v**4/24 + 112*v**2 - 4*v + 3. Let b(z) = -z + 6. Let g be b(5). Let m be -3*6/(-9)*g. Calculate x(m).
2
Suppose 7 = 3*r - 366*u + 371*u, -r - 14 = 4*u. Let i(t) = -2*t**2 + 25*t + 23. What is i(r)?
-19
Let o(z) = -5*z - 345. Let y(x) = 2*x + 152. Let a(f) = 3*o(f) + 7*y(f). What is a(-4)?
33
Let f(s) = 3*s - 17. Let p be f(6). Let k be (4/(-12))/p*-6. Let o(i) = -i + 3*i**3 - 4*i**3 - 2*i**2 - 10 + i**k. Determine o(0).
-10
Let a be -4 - (-1)/(-2)*-30. Let l(o) = 2*o**3 - 33*o**2 - 22*o + 21. Let w(f) = f**3 - 16*f**2 - 11*f + 10. Let n(s) = -6*l(s) + 13*w(s). What is n(a)?
4
Let s = -17 + 19. Let d(n) = 10*n + n**2 - 4 + 0*n**s + 4*n - 6*n. Let m(c) = -c**2 - c - 8. Let x be m(0). Determine d(x).
-4
Suppose 4*t + 1 - 85 = 0. Suppose t = 24*u - 17*u. Let m(p) be the third derivative of -p**6/120 + p**5/30 + p**4/6 - 2*p**3/3 + 43*p**2. Determine m(u).
-1
Suppose 4*p = 26*p - 968. Let t(r) = 103 - r**2 - 49 - 3*r - p + 4*r. Give t(-7).
-46
Let m(l) be the third derivative of 1/4*l**4 + 0 + 0*l - 2*l**2 + 0*l**3. Let f = -36 - -35. Determine m(f).
-6
Let x(g) = g**2 + 13*g - 37. Suppose -2*v + 1 - 11 = 0, -54 = 4*r - 2*v. Determine x(r).
11
Let z(n) be the first derivative of -n**5/12 + n**4/12 + 70*n**3 - 59. Let b(f) be the third derivative of z(f). Give b(-2).
22
Let q(k) = -45*k - 471. Let r(u) = 7*u + 93. Let v(j) = -2*q(j) - 11*r(j). What is v(6)?
-3
Suppose 4*u - 10 = 5*h + 3, -6 = -u + 4*h. Suppose -3*j + u - 7 = d, -4*j - d = 5. Let m(y) = 4 + j - 18 + y. Determine m(0).
-14
Let z(k) = 35*k - 3. Let u(a) = 99*a - 10. Let v(x) = -5*u(x) + 14*z(x). Determine v(-16).
88
Let r be -2 + 8 - (-2 - -3). Suppose 9*b - 6*b = -z + 5, 0 = r*z + 5*b - 5. Let u(j) = 5*j. Give u(z).
-5
Suppose -180*w + 167*w = -65. Let o(i) be the first derivative of 3/2*i**2 - 1/4*i**4 + 4/3*i**3 + i + 1. What is o(w)?
-9
Let z(g) = 9*g**3 + 14*g**2 - 43*g - 37. Let c(n) = 2*n**3 - n**2 + 3*n - 4. Let f(j) = -5*c(j) + z(j). Calculate f(15).
13
Let f(g) = -3*g**3 + 39*g**2 + 42*g + 75. Let a(k) = -10*k**3 + 118*k**2 + 129*k + 225. Let x(m) = 2*a(m) - 7*f(m). Determine x(38).
1
Suppose 0 = -d - z + 1 - 4, 3 = -4*d - z. Let n(c) be the third derivative of 0*c + d - c**3 + 1/10*c**5 - 1/120*c**6 - 6*c**2 + 3/8*c**4. Give n(7).
8
Let n(k) be the second derivative of -k**3/6 + 3*k**2 - 136*k. Calculate n(6).
0
Suppose 4*q = 4*w + w + 4, -4*q = 2*w - 4. Let y = 527 - -67. Let z(i) = -594 + y + 10*i. Determine z(q).
10
Suppose -5*m - 201 = -3*v - 68, 2 = -m. Let q = v - 35. Let t(g) = -4*g + 19. Let b be t(q). Let d(l) = -l**2 - 5*l - 6. What is d(b)?
-6
Let s(k) = 20*k**3 + 34*k**2 - 20*k + 51. Let f(m) = -6*m**3 - 12*m**2 + 7*m - 18. Let l(r) = 17*f(r) + 6*s(r). Calculate l(-1).
-17
Let v be 2760/161 + (-1)/7. Suppose 9*j + 64 = v*j. Suppose 18 = j*w - 5*w. Let p(l) = 4*l - 4. Give p(w).
20
Let p(z) = -2*z**2 - 87*z - 504. Let m be p(-7). Let i(y) = y**3 - 8*y**2 + 13*y - 8. Calculate i(m).
34
Let n(a) = a**2 + 326*a - 326*a - a**3 - 1. Let y(t) = 6*t**3 - 9*t**2 + 2. Let u(o) = 5*n(o) + y(o). Calculate u(4).
-3
Let k = -96 + 163. Let w = 817 + -879. Let p = w + k. Let l(y) = 5*y - 4. Give l(p).
21
Let v(b) be the third derivative of 106*b**2 - 1/6*b**4 - 1/2*b**3 + 0 + 0*b. Calculate v(-3).
9
Let g = 1849 - 1850. Let s(l) be the first derivative of -3*l**4/2 - l**3/3 - l**2/2 + l - 18. Give s(g).
7
Let k(i) = -43*i**2 - 7*i - 9. Let w(j) = -31*j**2 - 4*j - 5. Let q(z) = -5*k(z) + 7*w(z). Determine q(4).
6
Let q(i) = i + 7. Let u(r) = 3*r**3 + 2*r. Let j(p) = p - 2. Let h be j(0). Let c be u(h). Let t = c + 23. Give q(t).
2
Suppose 4*y + 16 = -16. Let c(n) be the second derivative of -1/6*n**3 + 2 + 6*n - 7/2*n**2. Calculate c(y).
1
Let m(w) be the first derivative of w**5/120 - w**4/8 - w**3/3 + 1. Let a(p) be the third derivative of m(p). Let v be -9 + -44 + 22 - -34. What is a(v)?
0
Let s(j) = j**3 - 14*j**2 + 16*j - 17. Let d(y) = y**2 - 155*y + 5599. Let g be d(57). Determine s(g).
22
Let q(c) = c**3 + c**2 + c + 2. Let t(z) = -z - 1. Let v(o) = 6*o + 76. Let b(d) = 3*t(d) - v(d). Let r be b(-9). Give q(r).
16
Suppose z = z + z - 6*z. Let r(l) = l**3 - 2*l**2 - 2*l - 16. What is r(z)?
-16
Let p(g) be the first derivative of -5*g**2/2 + 15*g + 396. Determine p(4).
-5
Let p(g) = -g**3 - 7*g**2 - 5*g - 5. Let b(i) = -2*i**2 + 19*i - 5. Let o be b(9). Suppose 5*d + o*z + 22 = 0, 3*z = 2*d + 5*z + 8. Calculate p(d).
-11
Suppose -1258*r = -1259*r - 12. Let y(a) be the first derivative of -a**2/2 - 22*a - 1. Give y(r).
-10
Suppose 21*a = 25*a - 4. Suppose 3*m - 3*s = 2 + a, 5*m + 1 = -s. Let d(z) = -z**2 - z - 6. Give d(m).
-6
Let b(u) = 3*u**2 + 156*u + 1. Let i(f) = 4*f**2 + 182*f + 1. Let w(v) = -7*b(v) + 6*i(v). Suppose 3*j + 4*z = -13, -5*j + 31 = -5*z + 6. What is w(j)?
2
Let w(r) = 249*r + 3379. Let y be w(-14). Let t be 1/(2/428*-2). Let